{"id":58,"date":"2025-10-21T12:21:11","date_gmt":"2025-10-21T12:21:11","guid":{"rendered":"https:\/\/ateliersignature-lph.com\/?page_id=58"},"modified":"2025-10-21T12:26:14","modified_gmt":"2025-10-21T12:26:14","slug":"mentions-legales","status":"publish","type":"page","link":"https:\/\/ateliersignature-lph.com\/index.php\/mentions-legales\/","title":{"rendered":"Mentions l\u00e9gales"},"content":{"rendered":"[vc_row type=\u00a0\u00bbin_container\u00a0\u00bb full_screen_row_position=\u00a0\u00bbmiddle\u00a0\u00bb column_margin=\u00a0\u00bbdefault\u00a0\u00bb column_direction=\u00a0\u00bbdefault\u00a0\u00bb column_direction_tablet=\u00a0\u00bbdefault\u00a0\u00bb column_direction_phone=\u00a0\u00bbdefault\u00a0\u00bb scene_position=\u00a0\u00bbcenter\u00a0\u00bb text_color=\u00a0\u00bbdark\u00a0\u00bb text_align=\u00a0\u00bbleft\u00a0\u00bb row_border_radius=\u00a0\u00bbnone\u00a0\u00bb row_border_radius_applies=\u00a0\u00bbbg\u00a0\u00bb overflow=\u00a0\u00bbvisible\u00a0\u00bb overlay_strength=\u00a0\u00bb0.3&Prime; gradient_direction=\u00a0\u00bbleft_to_right\u00a0\u00bb shape_divider_position=\u00a0\u00bbbottom\u00a0\u00bb bg_image_animation=\u00a0\u00bbnone\u00a0\u00bb][vc_column column_padding=\u00a0\u00bbno-extra-padding\u00a0\u00bb column_padding_tablet=\u00a0\u00bbinherit\u00a0\u00bb column_padding_phone=\u00a0\u00bbinherit\u00a0\u00bb column_padding_position=\u00a0\u00bball\u00a0\u00bb column_element_direction_desktop=\u00a0\u00bbdefault\u00a0\u00bb column_element_spacing=\u00a0\u00bbdefault\u00a0\u00bb desktop_text_alignment=\u00a0\u00bbdefault\u00a0\u00bb tablet_text_alignment=\u00a0\u00bbdefault\u00a0\u00bb phone_text_alignment=\u00a0\u00bbdefault\u00a0\u00bb background_color_opacity=\u00a0\u00bb1&Prime; background_hover_color_opacity=\u00a0\u00bb1&Prime; column_backdrop_filter=\u00a0\u00bbnone\u00a0\u00bb column_shadow=\u00a0\u00bbnone\u00a0\u00bb column_border_radius=\u00a0\u00bbnone\u00a0\u00bb column_link_target=\u00a0\u00bb_self\u00a0\u00bb column_position=\u00a0\u00bbdefault\u00a0\u00bb gradient_direction=\u00a0\u00bbleft_to_right\u00a0\u00bb overlay_strength=\u00a0\u00bb0.3&Prime; width=\u00a0\u00bb1\/1&Prime; tablet_width_inherit=\u00a0\u00bbdefault\u00a0\u00bb animation_type=\u00a0\u00bbdefault\u00a0\u00bb bg_image_animation=\u00a0\u00bbnone\u00a0\u00bb border_type=\u00a0\u00bbsimple\u00a0\u00bb column_border_width=\u00a0\u00bbnone\u00a0\u00bb column_border_style=\u00a0\u00bbsolid\u00a0\u00bb][vc_column_text text_direction=\u00a0\u00bbdefault\u00a0\u00bb]\n<h1 style=\"text-align: center; margin-bottom: 30px;\">Mentions l\u00e9gales<\/h1>\n<hr style=\"border: 1px solid #ccc; margin: 30px 0;\" \/>\n<section>\n<h2 style=\"color: #2c3e50;\">1. \u00c9diteur du site<\/h2>\n<p>Nom de la soci\u00e9t\u00e9 : <strong>Atelier Signature &#8211; Laetitia.PH<\/strong><\/p>\n<p>Forme juridique : <strong>Auto-entrepreneur<\/strong><\/p>\n<p>Si\u00e8ge social : <strong>10 impasse les jardins de Val\u00e9rie 13220 Ch\u00e2teauneuf-les-Martigues<\/strong><\/p>\n<p>SIRET : en cours d&rsquo;attribution<\/p>\n<p>Num\u00e9ro de TVA intracommunautaire : NON APPLICABLE<\/p>\n<p>Responsable de la publication : <strong>Laetitia HOUNZE PAYAGE<\/strong><\/p>\n<p>Contact : <strong>payagelaetitia@gmail.com \/ 06 13 49 04 78<\/strong><\/p>\n<\/section>\n<hr style=\"border: 1px solid #ccc; margin: 30px 0;\" \/>\n<section>\n<h2 style=\"color: #2c3e50;\">2. H\u00e9bergement<\/h2>\n<p>H\u00e9bergeur : <strong>OVH<\/strong><\/p>\n<p>Adresse : <b>2, rue Kellermann, 59100 Roubaix<\/b><\/p>\n<p>T\u00e9l\u00e9phone : 1007<\/p>\n<p>Site web : <a href=\"[URL de l\u2019h\u00e9bergeur]\" target=\"_blank\" rel=\"noopener\">https:\/\/www.ovhcloud.com\/fr\/contact<\/a><\/p>\n<\/section>\n<hr style=\"border: 1px solid #ccc; margin: 30px 0;\" \/>\n<section>\n<h2 style=\"color: #2c3e50;\">3. Propri\u00e9t\u00e9 intellectuelle<\/h2>\n<p>L\u2019ensemble du contenu pr\u00e9sent sur ce site, incluant, de mani\u00e8re non exhaustive, les textes, images, vid\u00e9os, logos et graphismes, est prot\u00e9g\u00e9 par le droit d\u2019auteur et reste la propri\u00e9t\u00e9 exclusive de <strong>Atelier Signature &#8211; Laetitia.PH.<\/strong><\/p>\n<p>Toute reproduction, repr\u00e9sentation, modification, publication ou distribution, m\u00eame partielle, de ce contenu est strictement interdite sans autorisation pr\u00e9alable.<\/p>\n<\/section>\n<hr style=\"border: 1px solid #ccc; margin: 30px 0;\" \/>\n<section>\n<h2 style=\"color: #2c3e50;\">4. Responsabilit\u00e9<\/h2>\n<p><strong>Atelier Signature &#8211; Laetitia.PH<\/strong>\u00a0ne saurait \u00eatre tenu responsable pour :<\/p>\n<ul>\n<li>Les erreurs ou omissions sur le site<\/li>\n<li>Les interruptions ou indisponibilit\u00e9s du site<\/li>\n<li>Les dommages r\u00e9sultant de l\u2019utilisation du site<\/li>\n<li>Les contenus de sites tiers accessibles via des liens<\/li>\n<\/ul>\n<\/section>\n<hr style=\"border: 1px solid #ccc; margin: 30px 0;\" \/>\n<section>\n<h2 style=\"color: #2c3e50;\">5. Donn\u00e9es personnelles (RGPD)<\/h2>\n<p>Les informations recueillies sur ce site via les formulaires, inscriptions ou cookies sont utilis\u00e9es uniquement pour la<strong> gestion des commandes, une newsletter \u00e9ventuelle, prise de contact.<\/strong><\/p>\n<p>Conform\u00e9ment au R\u00e8glement G\u00e9n\u00e9ral sur la Protection des Donn\u00e9es (RGPD), vous disposez d\u2019un droit :<\/p>\n<ul>\n<li>d\u2019acc\u00e8s \u00e0 vos donn\u00e9es<\/li>\n<li>de rectification<\/li>\n<li>de suppression<\/li>\n<li>de limitation du traitement<\/li>\n<li>d\u2019opposition<\/li>\n<li>de portabilit\u00e9<\/li>\n<\/ul>\n<p>Pour exercer vos droits, contactez-nous \u00e0 <strong>payagelaetitia@gmail.com<\/strong>.<\/p>\n<p>Si vous estimez que vos droits ne sont pas respect\u00e9s, vous pouvez d\u00e9poser une r\u00e9clamation aupr\u00e8s de la CNIL : <a href=\"https:\/\/www.cnil.fr\" target=\"_blank\" rel=\"noopener\">www.cnil.fr<\/a><\/p>\n<\/section>\n<hr style=\"border: 1px solid #ccc; margin: 30px 0;\" \/>\n<section>\n<h2 style=\"color: #2c3e50;\">6. Cookies<\/h2>\n<p>Ce site utilise des cookies pour am\u00e9liorer votre exp\u00e9rience et mesurer l\u2019audience. Vous pouvez g\u00e9rer vos pr\u00e9f\u00e9rences et d\u00e9sactiver les cookies via votre navigateur.<\/p>\n<\/section>\n<hr style=\"border: 1px solid #ccc; margin: 30px 0;\" \/>\n<section>\n<h2 style=\"color: #2c3e50;\">7. Loi applicable et juridiction comp\u00e9tente<\/h2>\n<p>Les pr\u00e9sentes mentions l\u00e9gales sont r\u00e9gies par le droit fran\u00e7ais.<\/p>\n<p>En cas de litige, les tribunaux fran\u00e7ais seront seuls comp\u00e9tents.<\/p>\n<\/section>\n[\/vc_column_text][\/vc_column][\/vc_row]\n","protected":false},"excerpt":{"rendered":"<p>[vc_row type=\u00a0\u00bbin_container\u00a0\u00bb full_screen_row_position=\u00a0\u00bbmiddle\u00a0\u00bb column_margin=\u00a0\u00bbdefault\u00a0\u00bb column_direction=\u00a0\u00bbdefault\u00a0\u00bb column_direction_tablet=\u00a0\u00bbdefault\u00a0\u00bb column_direction_phone=\u00a0\u00bbdefault\u00a0\u00bb scene_position=\u00a0\u00bbcenter\u00a0\u00bb text_color=\u00a0\u00bbdark\u00a0\u00bb text_align=\u00a0\u00bbleft\u00a0\u00bb row_border_radius=\u00a0\u00bbnone\u00a0\u00bb row_border_radius_applies=\u00a0\u00bbbg\u00a0\u00bb overflow=\u00a0\u00bbvisible\u00a0\u00bb overlay_strength=\u00a0\u00bb0.3&Prime; gradient_direction=\u00a0\u00bbleft_to_right\u00a0\u00bb shape_divider_position=\u00a0\u00bbbottom\u00a0\u00bb bg_image_animation=\u00a0\u00bbnone\u00a0\u00bb][vc_column column_padding=\u00a0\u00bbno-extra-padding\u00a0\u00bb column_padding_tablet=\u00a0\u00bbinherit\u00a0\u00bb column_padding_phone=\u00a0\u00bbinherit\u00a0\u00bb column_padding_position=\u00a0\u00bball\u00a0\u00bb column_element_direction_desktop=\u00a0\u00bbdefault\u00a0\u00bb column_element_spacing=\u00a0\u00bbdefault\u00a0\u00bb desktop_text_alignment=\u00a0\u00bbdefault\u00a0\u00bb tablet_text_alignment=\u00a0\u00bbdefault\u00a0\u00bb phone_text_alignment=\u00a0\u00bbdefault\u00a0\u00bb background_color_opacity=\u00a0\u00bb1&Prime; background_hover_color_opacity=\u00a0\u00bb1&Prime; column_backdrop_filter=\u00a0\u00bbnone\u00a0\u00bb column_shadow=\u00a0\u00bbnone\u00a0\u00bb&#8230;<\/p>\n","protected":false},"author":1,"featured_media":0,"parent":0,"menu_order":0,"comment_status":"closed","ping_status":"closed","template":"","meta":{"footnotes":""},"class_list":["post-58","page","type-page","status-publish"],"_links":{"self":[{"href":"https:\/\/ateliersignature-lph.com\/index.php\/wp-json\/wp\/v2\/pages\/58","targetHints":{"allow":["GET"]}}],"collection":[{"href":"https:\/\/ateliersignature-lph.com\/index.php\/wp-json\/wp\/v2\/pages"}],"about":[{"href":"https:\/\/ateliersignature-lph.com\/index.php\/wp-json\/wp\/v2\/types\/page"}],"author":[{"embeddable":true,"href":"https:\/\/ateliersignature-lph.com\/index.php\/wp-json\/wp\/v2\/users\/1"}],"replies":[{"embeddable":true,"href":"https:\/\/ateliersignature-lph.com\/index.php\/wp-json\/wp\/v2\/comments?post=58"}],"version-history":[{"count":2,"href":"https:\/\/ateliersignature-lph.com\/index.php\/wp-json\/wp\/v2\/pages\/58\/revisions"}],"predecessor-version":[{"id":60,"href":"https:\/\/ateliersignature-lph.com\/index.php\/wp-json\/wp\/v2\/pages\/58\/revisions\/60"}],"wp:attachment":[{"href":"https:\/\/ateliersignature-lph.com\/index.php\/wp-json\/wp\/v2\/media?parent=58"}],"curies":[{"name":"wp","href":"https:\/\/api.w.org\/{rel}","templated":true}]}}